{"id":5052,"date":"2023-05-04T12:20:08","date_gmt":"2023-05-04T10:20:08","guid":{"rendered":"https:\/\/pages.isir.upmc.fr\/mkhamassi\/?page_id=5052"},"modified":"2023-05-04T14:10:46","modified_gmt":"2023-05-04T12:10:46","slug":"table-ronde-au-fsc-du-09-05-2014-cognition-humaine-animale-artificielle","status":"publish","type":"page","link":"https:\/\/pages.isir.upmc.fr\/mkhamassi\/table-ronde-au-fsc-du-09-05-2014-cognition-humaine-animale-artificielle\/","title":{"rendered":"Table ronde au FSC du 09\/05\/2014 \u00a0 \u00a0 \u00a0 \u00ab\u00a0Cognition Humaine, Animale, Artificielle\u00a0\u00bb"},"content":{"rendered":"\n<p><strong>&#8212; Cognition Humaine, Animale, Artificielle : continuit\u00e9 ou scission entre ces cognitions ? &#8212;<\/strong><\/p>\n\n\n\n<p>Table Ronde &#8211; J.C. Ameisen &#8211; G. Chapouthier &#8211; M. Khamassi &#8211; le 9 mai 2014 au Forum des Sciences Cognitives (FSC) organis\u00e9 par Cognivence<\/p>\n\n\n\n<figure class=\"wp-block-embed is-type-video is-provider-youtube wp-block-embed-youtube wp-embed-aspect-4-3 wp-has-aspect-ratio\"><div class=\"wp-block-embed__wrapper\">\n<iframe loading=\"lazy\" title=\"FSC2014 - Table Ronde - J.C. Ameisen - G. Chapouthier - M. Khamassi\" width=\"500\" height=\"375\" src=\"https:\/\/www.youtube.com\/embed\/CHJVMPAQcXo?feature=oembed\" frameborder=\"0\" allow=\"accelerometer; autoplay; clipboard-write; encrypted-media; gyroscope; picture-in-picture; web-share\" referrerpolicy=\"strict-origin-when-cross-origin\" allowfullscreen><\/iframe>\n<\/div><\/figure>\n\n\n\n<p>(Prise de vue \/ montage : Christophe Malassis (christophemalassis.com))<\/p>\n\n\n\n<p>Conf\u00e9rence donn\u00e9e \u00e0 l&rsquo;occasion du Forum des Sciences Cognitives (\u00e9dition 2014), organis\u00e9 par l&rsquo;association Cognivence.&nbsp;Le th\u00e8me de la journ\u00e9e \u00e9tait \u00ab\u00a0Homme, Animal, Machine &#8211; \u00c0 la crois\u00e9e des intelligences.\u00a0\u00bb<\/p>\n\n\n\n<p>Pr\u00e9sentation de la table ronde : \u00ab\u00a0Qu&rsquo;est ce qui relie et diff\u00e9rencie ces diff\u00e9rentes cognitions ? Peut-on parler de continuit\u00e9 ou encore de scission ? L&rsquo;homme est-il un animal comme les autres? La machine le d\u00e9passera t-elle un jour? La table ronde cl\u00f4turant ce forum tentera de r\u00e9pondre \u00e0 ces diff\u00e9rentes questions, chacune d&rsquo;entre elles ouvrant \u00e0 une r\u00e9flexion commune. Ces derni\u00e8res seront ainsi abord\u00e9es d&rsquo;un point de vue crois\u00e9 entre celui du pr\u00e9sident du Comit\u00e9 National d&rsquo;Ethique de la Recherche (M. Ameisen), la vision d&rsquo;un chercheur neurobiologiste sp\u00e9cialiste en Cognition Animale (G. Chapouthier), &amp; celle d&rsquo;un chercheur de l&rsquo;Institut des Syst\u00e8mes Intelligents et Robotique sp\u00e9cialiste en cognition artificielle (M. Khamassi). \u00ab\u00a0<\/p>\n","protected":false},"excerpt":{"rendered":"<p>&#8212; Cognition Humaine, Animale, Artificielle : continuit\u00e9 ou scission entre ces cognitions ? &#8212; Table Ronde &#8211; J.C. Ameisen &#8211; G. Chapouthier &#8211; M. Khamassi &#8211; le 9 mai 2014 au Forum des Sciences Cognitives (FSC) organis\u00e9 par Cognivence (Prise de vue \/ montage : Christophe Malassis (christophemalassis.com)) Conf\u00e9rence donn\u00e9e \u00e0 l&rsquo;occasion du Forum des [&hellip;]<\/p>\n","protected":false},"author":28,"featured_media":5053,"parent":0,"menu_order":0,"comment_status":"closed","ping_status":"closed","template":"","meta":{"footnotes":""},"class_list":["post-5052","page","type-page","status-publish","has-post-thumbnail","hentry"],"_links":{"self":[{"href":"https:\/\/pages.isir.upmc.fr\/mkhamassi\/wp-json\/wp\/v2\/pages\/5052","targetHints":{"allow":["GET"]}}],"collection":[{"href":"https:\/\/pages.isir.upmc.fr\/mkhamassi\/wp-json\/wp\/v2\/pages"}],"about":[{"href":"https:\/\/pages.isir.upmc.fr\/mkhamassi\/wp-json\/wp\/v2\/types\/page"}],"author":[{"embeddable":true,"href":"https:\/\/pages.isir.upmc.fr\/mkhamassi\/wp-json\/wp\/v2\/users\/28"}],"replies":[{"embeddable":true,"href":"https:\/\/pages.isir.upmc.fr\/mkhamassi\/wp-json\/wp\/v2\/comments?post=5052"}],"version-history":[{"count":4,"href":"https:\/\/pages.isir.upmc.fr\/mkhamassi\/wp-json\/wp\/v2\/pages\/5052\/revisions"}],"predecessor-version":[{"id":5066,"href":"https:\/\/pages.isir.upmc.fr\/mkhamassi\/wp-json\/wp\/v2\/pages\/5052\/revisions\/5066"}],"wp:featuredmedia":[{"embeddable":true,"href":"https:\/\/pages.isir.upmc.fr\/mkhamassi\/wp-json\/wp\/v2\/media\/5053"}],"wp:attachment":[{"href":"https:\/\/pages.isir.upmc.fr\/mkhamassi\/wp-json\/wp\/v2\/media?parent=5052"}],"curies":[{"name":"wp","href":"https:\/\/api.w.org\/{rel}","templated":true}]}}