{"id":5131,"date":"2023-06-19T08:55:31","date_gmt":"2023-06-19T06:55:31","guid":{"rendered":"https:\/\/pages.isir.upmc.fr\/mkhamassi\/?page_id=5131"},"modified":"2023-12-31T13:38:39","modified_gmt":"2023-12-31T12:38:39","slug":"expo-nancy-du-15-05-2023","status":"publish","type":"page","link":"https:\/\/pages.isir.upmc.fr\/mkhamassi\/expo-nancy-du-15-05-2023\/","title":{"rendered":"Expo arts\/robot du 15\/05\/2023 \u00a0 \u00a0 \u00a0 \u00ab\u00a0Entre Ciel et Terre\u00a0\u00bb, Conf\u00e9rence Dr\u00f4les d&rsquo;objets &#8211; Un nouvel art de faire, Nancy"},"content":{"rendered":"\n<p><strong>Installation avec l\u2019artiste plasticien Nasser Soumi \u00e0 la Conf\u00e9rence Dr\u00f4les d&rsquo;objets &#8211; Un nouvel art de faire, Nancy, France (2023).<\/strong><\/p>\n\n\n\n<figure class=\"wp-block-embed is-type-video is-provider-youtube wp-block-embed-youtube wp-embed-aspect-16-9 wp-has-aspect-ratio\"><div class=\"wp-block-embed__wrapper\">\n<iframe loading=\"lazy\" title=\"Entre Ciel et Terre - Conf\u00e9rence Dr\u00f4les d&#039;Objets (2023)\" width=\"500\" height=\"281\" src=\"https:\/\/www.youtube.com\/embed\/CvbNVLCPxPE?feature=oembed\" frameborder=\"0\" allow=\"accelerometer; autoplay; clipboard-write; encrypted-media; gyroscope; picture-in-picture; web-share\" referrerpolicy=\"strict-origin-when-cross-origin\" allowfullscreen><\/iframe>\n<\/div><\/figure>\n\n\n\n<p>(Vid\u00e9o : Mehdi Khamassi ; Musique : Mehdi Khamassi, Nocturne [Harissa-core, 2022])<\/p>\n\n\n\n<p>La partie robotique a \u00e9t\u00e9 r\u00e9alis\u00e9e avec Mehdi Khamassi et Steve Nguyen, chercheurs en&nbsp;inintelligence&nbsp;artificielle et robotique bio-inspir\u00e9e. Le robot se lance de tous les c\u00f4t\u00e9s. Dans l\u2019\u0153il de l\u2019observateur humain, il semble contrari\u00e9 par tous ces obstacles, fait marche arri\u00e8re, repart, cherche un nouveau chemin. Le fruit de cette anarchie organis\u00e9e produit un effet de mouvement du mobile aux constellations, gr\u00e2ce \u00e0 la perche, comme un lien unissant ciel et terre. En contre-pied des effets de mode actuels sur l&rsquo;intelligence artificielle, nous souhaitions faire un robot le plus imparfait possible, mais beau dans sa qu\u00eate et sa pers\u00e9v\u00e9rance. Un robot qui essaie, qui se trompe, qui h\u00e9site, qui change d&rsquo;avis, qui revient en arri\u00e8re. Bref, un robot qui cherche, qui cherche son chemin et qui semble se chercher lui-m\u00eame. Tant que la soci\u00e9t\u00e9 fera des hommes des robots, nous nous attellerons \u00e0 faire des robots des hommes.<\/p>\n\n\n\n<p><a href=\"https:\/\/drolesdobjets23.sciencesconf.org\">https:\/\/drolesdobjets23.sciencesconf.org<\/a><\/p>\n\n\n\n<p>Un grand merci aux organisateurs pour leur accueil m\u00e9morable : Virginie Andr\u00e9, Joffrey Becker, Yann Boniface, Amine Boumaza, Alain Dutech, Guillaume Nassau, Manuel Rebuschi, Arnaud Revel, Nicolas Rougier et Fr\u00e9d\u00e9ric Verhaegen.<br>Un grand merci \u00e0 l&rsquo;\u00e9quipe technique pour le super travail d&rsquo;installation de l&rsquo;oeuvre : Axel Bechler, Islam Boutrik, Geoffrey Urgu et Ludovic Kaminskis.<\/p>\n","protected":false},"excerpt":{"rendered":"<p>Installation avec l\u2019artiste plasticien Nasser Soumi \u00e0 la Conf\u00e9rence Dr\u00f4les d&rsquo;objets &#8211; Un nouvel art de faire, Nancy, France (2023). (Vid\u00e9o : Mehdi Khamassi ; Musique : Mehdi Khamassi, Nocturne [Harissa-core, 2022]) La partie robotique a \u00e9t\u00e9 r\u00e9alis\u00e9e avec Mehdi Khamassi et Steve Nguyen, chercheurs en&nbsp;inintelligence&nbsp;artificielle et robotique bio-inspir\u00e9e. Le robot se lance de tous [&hellip;]<\/p>\n","protected":false},"author":28,"featured_media":5135,"parent":0,"menu_order":0,"comment_status":"closed","ping_status":"closed","template":"","meta":{"footnotes":""},"class_list":["post-5131","page","type-page","status-publish","has-post-thumbnail","hentry"],"_links":{"self":[{"href":"https:\/\/pages.isir.upmc.fr\/mkhamassi\/wp-json\/wp\/v2\/pages\/5131","targetHints":{"allow":["GET"]}}],"collection":[{"href":"https:\/\/pages.isir.upmc.fr\/mkhamassi\/wp-json\/wp\/v2\/pages"}],"about":[{"href":"https:\/\/pages.isir.upmc.fr\/mkhamassi\/wp-json\/wp\/v2\/types\/page"}],"author":[{"embeddable":true,"href":"https:\/\/pages.isir.upmc.fr\/mkhamassi\/wp-json\/wp\/v2\/users\/28"}],"replies":[{"embeddable":true,"href":"https:\/\/pages.isir.upmc.fr\/mkhamassi\/wp-json\/wp\/v2\/comments?post=5131"}],"version-history":[{"count":7,"href":"https:\/\/pages.isir.upmc.fr\/mkhamassi\/wp-json\/wp\/v2\/pages\/5131\/revisions"}],"predecessor-version":[{"id":5198,"href":"https:\/\/pages.isir.upmc.fr\/mkhamassi\/wp-json\/wp\/v2\/pages\/5131\/revisions\/5198"}],"wp:featuredmedia":[{"embeddable":true,"href":"https:\/\/pages.isir.upmc.fr\/mkhamassi\/wp-json\/wp\/v2\/media\/5135"}],"wp:attachment":[{"href":"https:\/\/pages.isir.upmc.fr\/mkhamassi\/wp-json\/wp\/v2\/media?parent=5131"}],"curies":[{"name":"wp","href":"https:\/\/api.w.org\/{rel}","templated":true}]}}